{"id":700,"date":"2021-05-08T08:35:08","date_gmt":"2021-05-08T08:35:08","guid":{"rendered":"https:\/\/equalisveterinaria-ne.com.br?page_id=700"},"modified":"2021-05-08T08:35:08","modified_gmt":"2021-05-08T08:35:08","slug":"equipe","status":"publish","type":"page","link":"https:\/\/equalisveterinaria-ne.com.br\/cursos\/equipe\/","title":{"rendered":"Equipe"},"content":{"rendered":"<p>[vc_row layout=&#8221;container&#8221;][vc_column]            <div class=\"catalog-filter-inner t-bg mg-bottom-60 clearfix\">\n                <div class=\"filter-category-wrap\">\n                <span class=\"w-cat\">\n                    <label>\n                        <select>\n                            <option value=\"https:\/\/equalisveterinaria-ne.com.br\/cursos\/equipe\/\">Todos os professores<\/option>\n                                                            <option value=\"https:\/\/equalisveterinaria-ne.com.br\/cursos\/equipe\/?cat=administrativo\"\n                                        >Administrativo ( 1 ) <\/option>\n                                                            <option value=\"https:\/\/equalisveterinaria-ne.com.br\/cursos\/equipe\/?cat=comercial\"\n                                        >Comercial ( 1 ) <\/option>\n                                                            <option value=\"https:\/\/equalisveterinaria-ne.com.br\/cursos\/equipe\/?cat=coordenadora-pedagogico\"\n                                        >Coordenadora ( 1 ) <\/option>\n                                                            <option value=\"https:\/\/equalisveterinaria-ne.com.br\/cursos\/equipe\/?cat=diretor\"\n                                        >Diretor ( 1 ) <\/option>\n                                                            <option value=\"https:\/\/equalisveterinaria-ne.com.br\/cursos\/equipe\/?cat=financeiro\"\n                                        >Financeiro ( 2 ) <\/option>\n                                                            <option value=\"https:\/\/equalisveterinaria-ne.com.br\/cursos\/equipe\/?cat=logistica\"\n                                        >Log\u00edstica ( 1 ) <\/option>\n                                                            <option value=\"https:\/\/equalisveterinaria-ne.com.br\/cursos\/equipe\/?cat=manutencao\"\n                                        >Manuten\u00e7\u00e3o ( 1 ) <\/option>\n                                                            <option value=\"https:\/\/equalisveterinaria-ne.com.br\/cursos\/equipe\/?cat=pedagogico\"\n                                        >Pedag\u00f3gico ( 1 ) <\/option>\n                                                    <\/select>\n                    <\/label>\n                <\/span>\n                <\/div>\n                                    <p class=\"woocommerce-result-count\">Mostrando 1 - 8  de 9  resultados<\/p>\n                            <\/div>\n            <div class=\"ourteacher-list ourteacher \" >\n                <div class=\"row column-equal-height\">\n                                            <div class=\"col-md-3 col-sm-6 ourteacher-item pd-bottom-20\">\n                            <div class=\"ourteacher-avatar\">\n                                <a href=\"https:\/\/equalisveterinaria-ne.com.br\/cursos\/nossaequipe\/iracelly\/\" title=\"Iracelly\">\n                                    <img src=\"https:\/\/equalisveterinaria-ne.com.br\/cursos\/wp-content\/uploads\/2022\/07\/Iracelly-265x265.png\" alt=\"Iracelly\" title=\"Iracelly\">\n                                <\/a>\n                                <ul>\n                                                                    <\/ul>\n                            <\/div>\n                            <div class=\"ourteacher-info\">\n                                <a class=\"text-uppercase show pd-top-20 p-font fs-18 heading-color\" href=\"https:\/\/equalisveterinaria-ne.com.br\/cursos\/nossaequipe\/iracelly\/\" title=\"Iracelly\">\n                                    Iracelly                                <\/a>\n                                                <span class=\"text-uppercase show fs-12\">\n                                                    Comercial                                                <\/span>\n                            <\/div>\n                        <\/div>\n                                            <div class=\"col-md-3 col-sm-6 ourteacher-item pd-bottom-20\">\n                            <div class=\"ourteacher-avatar\">\n                                <a href=\"https:\/\/equalisveterinaria-ne.com.br\/cursos\/nossaequipe\/alberico\/\" title=\"Alb\u00e9rico\">\n                                    <img src=\"https:\/\/equalisveterinaria-ne.com.br\/cursos\/wp-content\/uploads\/2022\/07\/Alberico-novo-265x265.png\" alt=\"Alb\u00e9rico\" title=\"Alb\u00e9rico\">\n                                <\/a>\n                                <ul>\n                                                                    <\/ul>\n                            <\/div>\n                            <div class=\"ourteacher-info\">\n                                <a class=\"text-uppercase show pd-top-20 p-font fs-18 heading-color\" href=\"https:\/\/equalisveterinaria-ne.com.br\/cursos\/nossaequipe\/alberico\/\" title=\"Alb\u00e9rico\">\n                                    Alb\u00e9rico                                <\/a>\n                                                <span class=\"text-uppercase show fs-12\">\n                                                    Financeiro                                                <\/span>\n                            <\/div>\n                        <\/div>\n                                            <div class=\"col-md-3 col-sm-6 ourteacher-item pd-bottom-20\">\n                            <div class=\"ourteacher-avatar\">\n                                <a href=\"https:\/\/equalisveterinaria-ne.com.br\/cursos\/nossaequipe\/victor\/\" title=\"Victor\">\n                                    <img src=\"https:\/\/equalisveterinaria-ne.com.br\/cursos\/wp-content\/uploads\/2022\/07\/Victor-265x265.png\" alt=\"Victor\" title=\"Victor\">\n                                <\/a>\n                                <ul>\n                                                                                <li><a href=\"\"\n                                                   title=\"http:\/\/Victor\"><i\n                                                        class=\"\"><\/i><\/a>\n                                            <\/li>\n                                                                            <\/ul>\n                            <\/div>\n                            <div class=\"ourteacher-info\">\n                                <a class=\"text-uppercase show pd-top-20 p-font fs-18 heading-color\" href=\"https:\/\/equalisveterinaria-ne.com.br\/cursos\/nossaequipe\/victor\/\" title=\"Victor\">\n                                    Victor                                <\/a>\n                                                <span class=\"text-uppercase show fs-12\">\n                                                    Pedag\u00f3gico                                                <\/span>\n                            <\/div>\n                        <\/div>\n                                            <div class=\"col-md-3 col-sm-6 ourteacher-item pd-bottom-20\">\n                            <div class=\"ourteacher-avatar\">\n                                <a href=\"https:\/\/equalisveterinaria-ne.com.br\/cursos\/nossaequipe\/danielle\/\" title=\"Danielle\">\n                                    <img src=\"https:\/\/equalisveterinaria-ne.com.br\/cursos\/wp-content\/uploads\/2016\/01\/Daniele-Atendimento-270x265.png\" alt=\"Danielle\" title=\"Danielle\">\n                                <\/a>\n                                <ul>\n                                                                    <\/ul>\n                            <\/div>\n                            <div class=\"ourteacher-info\">\n                                <a class=\"text-uppercase show pd-top-20 p-font fs-18 heading-color\" href=\"https:\/\/equalisveterinaria-ne.com.br\/cursos\/nossaequipe\/danielle\/\" title=\"Danielle\">\n                                    Danielle                                <\/a>\n                                                <span class=\"text-uppercase show fs-12\">\n                                                    Log\u00edstica                                                <\/span>\n                            <\/div>\n                        <\/div>\n                                            <div class=\"col-md-3 col-sm-6 ourteacher-item pd-bottom-20\">\n                            <div class=\"ourteacher-avatar\">\n                                <a href=\"https:\/\/equalisveterinaria-ne.com.br\/cursos\/nossaequipe\/fabiola\/\" title=\"Fab\u00edola\">\n                                    <img src=\"https:\/\/equalisveterinaria-ne.com.br\/cursos\/wp-content\/uploads\/2022\/07\/Fabiola-265x265.png\" alt=\"Fab\u00edola\" title=\"Fab\u00edola\">\n                                <\/a>\n                                <ul>\n                                                                    <\/ul>\n                            <\/div>\n                            <div class=\"ourteacher-info\">\n                                <a class=\"text-uppercase show pd-top-20 p-font fs-18 heading-color\" href=\"https:\/\/equalisveterinaria-ne.com.br\/cursos\/nossaequipe\/fabiola\/\" title=\"Fab\u00edola\">\n                                    Fab\u00edola                                <\/a>\n                                                <span class=\"text-uppercase show fs-12\">\n                                                    Coordenadora                                                <\/span>\n                            <\/div>\n                        <\/div>\n                                            <div class=\"col-md-3 col-sm-6 ourteacher-item pd-bottom-20\">\n                            <div class=\"ourteacher-avatar\">\n                                <a href=\"https:\/\/equalisveterinaria-ne.com.br\/cursos\/nossaequipe\/dr-roberto\/\" title=\"Dr. Roberto dos Anjos\">\n                                    <img src=\"https:\/\/equalisveterinaria-ne.com.br\/cursos\/wp-content\/uploads\/2016\/01\/Dr.-Roberto-Diretor-270x265.png\" alt=\"Dr. Roberto dos Anjos\" title=\"Dr. Roberto dos Anjos\">\n                                <\/a>\n                                <ul>\n                                                                    <\/ul>\n                            <\/div>\n                            <div class=\"ourteacher-info\">\n                                <a class=\"text-uppercase show pd-top-20 p-font fs-18 heading-color\" href=\"https:\/\/equalisveterinaria-ne.com.br\/cursos\/nossaequipe\/dr-roberto\/\" title=\"Dr. Roberto dos Anjos\">\n                                    Dr. Roberto dos Anjos                                <\/a>\n                                                <span class=\"text-uppercase show fs-12\">\n                                                    Diretor                                                <\/span>\n                            <\/div>\n                        <\/div>\n                                            <div class=\"col-md-3 col-sm-6 ourteacher-item pd-bottom-20\">\n                            <div class=\"ourteacher-avatar\">\n                                <a href=\"https:\/\/equalisveterinaria-ne.com.br\/cursos\/nossaequipe\/alan\/\" title=\"Alan\">\n                                    <img src=\"https:\/\/equalisveterinaria-ne.com.br\/cursos\/wp-content\/uploads\/2022\/07\/Allan-265x265.png\" alt=\"Alan\" title=\"Alan\">\n                                <\/a>\n                                <ul>\n                                                                    <\/ul>\n                            <\/div>\n                            <div class=\"ourteacher-info\">\n                                <a class=\"text-uppercase show pd-top-20 p-font fs-18 heading-color\" href=\"https:\/\/equalisveterinaria-ne.com.br\/cursos\/nossaequipe\/alan\/\" title=\"Alan\">\n                                    Alan                                <\/a>\n                                                <span class=\"text-uppercase show fs-12\">\n                                                    Financeiro                                                <\/span>\n                            <\/div>\n                        <\/div>\n                                            <div class=\"col-md-3 col-sm-6 ourteacher-item pd-bottom-20\">\n                            <div class=\"ourteacher-avatar\">\n                                <a href=\"https:\/\/equalisveterinaria-ne.com.br\/cursos\/nossaequipe\/carlos-eduardo\/\" title=\"Carlos Eduardo\">\n                                    <img src=\"https:\/\/equalisveterinaria-ne.com.br\/cursos\/wp-content\/uploads\/2016\/01\/Rapaz02-270x265.png\" alt=\"Carlos Eduardo\" title=\"Carlos Eduardo\">\n                                <\/a>\n                                <ul>\n                                                                    <\/ul>\n                            <\/div>\n                            <div class=\"ourteacher-info\">\n                                <a class=\"text-uppercase show pd-top-20 p-font fs-18 heading-color\" href=\"https:\/\/equalisveterinaria-ne.com.br\/cursos\/nossaequipe\/carlos-eduardo\/\" title=\"Carlos Eduardo\">\n                                    Carlos Eduardo                                <\/a>\n                                                <span class=\"text-uppercase show fs-12\">\n                                                    Manuten\u00e7\u00e3o                                                <\/span>\n                            <\/div>\n                        <\/div>\n                                    <\/div>\n                                    <div class=\"blog-paging-default mg-bottom-100\">\n                        <ul class='pagination'>\n\t<li><a class=\"next page-numbers\" href=\"https:\/\/equalisveterinaria-ne.com.br\/cursos\/wp-json\/wp\/v2\/pages\/700\/page\/2\/\"><span>Next<\/span><\/a><\/li>\n\t<li><span class='page-numbers current'>1<\/span><\/li>\n\t<li><a class='page-numbers' href='https:\/\/equalisveterinaria-ne.com.br\/cursos\/wp-json\/wp\/v2\/pages\/700\/page\/2\/'>2<\/a><\/li>\n<\/ul>\n                    <\/div>\n                            <\/div>\n            [\/vc_column][\/vc_row]<\/p>\n","protected":false},"excerpt":{"rendered":"<p>[vc_row layout=&#8221;container&#8221;][vc_column][\/vc_column][\/vc_row]<\/p>\n","protected":false},"author":8,"featured_media":0,"parent":0,"menu_order":0,"comment_status":"closed","ping_status":"closed","template":"","meta":{"ngg_post_thumbnail":0},"acf":[],"yoast_head":"<!-- This site is optimized with the Yoast SEO plugin v18.4.1 - https:\/\/yoast.com\/wordpress\/plugins\/seo\/ -->\n<title>Equipe - Equalis Nordeste - Cursos de P\u00f3s Gradua\u00e7\u00e3o em Medicina Veterin\u00e1ria<\/title>\n<meta name=\"robots\" content=\"index, follow, max-snippet:-1, max-image-preview:large, max-video-preview:-1\" \/>\n<link rel=\"canonical\" href=\"https:\/\/equalisveterinaria-ne.com.br\/cursos\/equipe\/\" \/>\n<meta property=\"og:locale\" content=\"pt_BR\" \/>\n<meta property=\"og:type\" content=\"article\" \/>\n<meta property=\"og:title\" content=\"Equipe - Equalis Nordeste - Cursos de P\u00f3s Gradua\u00e7\u00e3o em Medicina Veterin\u00e1ria\" \/>\n<meta property=\"og:description\" content=\"[vc_row layout=&#8221;container&#8221;][vc_column][\/vc_column][\/vc_row]\" \/>\n<meta property=\"og:url\" content=\"https:\/\/equalisveterinaria-ne.com.br\/cursos\/equipe\/\" \/>\n<meta property=\"og:site_name\" content=\"Equalis Nordeste - Cursos de P\u00f3s Gradua\u00e7\u00e3o em Medicina Veterin\u00e1ria\" \/>\n<meta name=\"twitter:card\" content=\"summary_large_image\" \/>\n<script type=\"application\/ld+json\" class=\"yoast-schema-graph\">{\"@context\":\"https:\/\/schema.org\",\"@graph\":[{\"@type\":\"Organization\",\"@id\":\"https:\/\/equalisveterinaria-ne.com.br\/cursos\/#organization\",\"name\":\"Equalis Veterin\u00e1ria\",\"url\":\"https:\/\/equalisveterinaria-ne.com.br\/cursos\/\",\"sameAs\":[],\"logo\":{\"@type\":\"ImageObject\",\"@id\":\"https:\/\/equalisveterinaria-ne.com.br\/cursos\/#logo\",\"inLanguage\":\"pt-BR\",\"url\":\"https:\/\/equalisveterinaria-ne.com.br\/cursos\/wp-content\/uploads\/2019\/10\/logo-fixed.png\",\"contentUrl\":\"https:\/\/equalisveterinaria-ne.com.br\/cursos\/wp-content\/uploads\/2019\/10\/logo-fixed.png\",\"width\":164,\"height\":49,\"caption\":\"Equalis Veterin\u00e1ria\"},\"image\":{\"@id\":\"https:\/\/equalisveterinaria-ne.com.br\/cursos\/#logo\"}},{\"@type\":\"WebSite\",\"@id\":\"https:\/\/equalisveterinaria-ne.com.br\/cursos\/#website\",\"url\":\"https:\/\/equalisveterinaria-ne.com.br\/cursos\/\",\"name\":\"Equalis Nordeste - Cursos de P\u00f3s Gradua\u00e7\u00e3o em Medicina Veterin\u00e1ria\",\"description\":\"Educa\u00e7\u00e3o em Medicina Veterin\u00e1ria\",\"publisher\":{\"@id\":\"https:\/\/equalisveterinaria-ne.com.br\/cursos\/#organization\"},\"potentialAction\":[{\"@type\":\"SearchAction\",\"target\":{\"@type\":\"EntryPoint\",\"urlTemplate\":\"https:\/\/equalisveterinaria-ne.com.br\/cursos\/?s={search_term_string}\"},\"query-input\":\"required name=search_term_string\"}],\"inLanguage\":\"pt-BR\"},{\"@type\":\"WebPage\",\"@id\":\"https:\/\/equalisveterinaria-ne.com.br\/cursos\/equipe\/#webpage\",\"url\":\"https:\/\/equalisveterinaria-ne.com.br\/cursos\/equipe\/\",\"name\":\"Equipe - Equalis Nordeste - Cursos de P\u00f3s Gradua\u00e7\u00e3o em Medicina Veterin\u00e1ria\",\"isPartOf\":{\"@id\":\"https:\/\/equalisveterinaria-ne.com.br\/cursos\/#website\"},\"datePublished\":\"2021-05-08T08:35:08+00:00\",\"dateModified\":\"2021-05-08T08:35:08+00:00\",\"breadcrumb\":{\"@id\":\"https:\/\/equalisveterinaria-ne.com.br\/cursos\/equipe\/#breadcrumb\"},\"inLanguage\":\"pt-BR\",\"potentialAction\":[{\"@type\":\"ReadAction\",\"target\":[\"https:\/\/equalisveterinaria-ne.com.br\/cursos\/equipe\/\"]}]},{\"@type\":\"BreadcrumbList\",\"@id\":\"https:\/\/equalisveterinaria-ne.com.br\/cursos\/equipe\/#breadcrumb\",\"itemListElement\":[{\"@type\":\"ListItem\",\"position\":1,\"name\":\"Home\",\"item\":\"https:\/\/equalisveterinaria-ne.com.br\/cursos\/\"},{\"@type\":\"ListItem\",\"position\":2,\"name\":\"Equipe\"}]}]}<\/script>\n<!-- \/ Yoast SEO plugin. -->","yoast_head_json":{"title":"Equipe - Equalis Nordeste - Cursos de P\u00f3s Gradua\u00e7\u00e3o em Medicina Veterin\u00e1ria","robots":{"index":"index","follow":"follow","max-snippet":"max-snippet:-1","max-image-preview":"max-image-preview:large","max-video-preview":"max-video-preview:-1"},"canonical":"https:\/\/equalisveterinaria-ne.com.br\/cursos\/equipe\/","og_locale":"pt_BR","og_type":"article","og_title":"Equipe - Equalis Nordeste - Cursos de P\u00f3s Gradua\u00e7\u00e3o em Medicina Veterin\u00e1ria","og_description":"[vc_row layout=&#8221;container&#8221;][vc_column][\/vc_column][\/vc_row]","og_url":"https:\/\/equalisveterinaria-ne.com.br\/cursos\/equipe\/","og_site_name":"Equalis Nordeste - Cursos de P\u00f3s Gradua\u00e7\u00e3o em Medicina Veterin\u00e1ria","twitter_card":"summary_large_image","schema":{"@context":"https:\/\/schema.org","@graph":[{"@type":"Organization","@id":"https:\/\/equalisveterinaria-ne.com.br\/cursos\/#organization","name":"Equalis Veterin\u00e1ria","url":"https:\/\/equalisveterinaria-ne.com.br\/cursos\/","sameAs":[],"logo":{"@type":"ImageObject","@id":"https:\/\/equalisveterinaria-ne.com.br\/cursos\/#logo","inLanguage":"pt-BR","url":"https:\/\/equalisveterinaria-ne.com.br\/cursos\/wp-content\/uploads\/2019\/10\/logo-fixed.png","contentUrl":"https:\/\/equalisveterinaria-ne.com.br\/cursos\/wp-content\/uploads\/2019\/10\/logo-fixed.png","width":164,"height":49,"caption":"Equalis Veterin\u00e1ria"},"image":{"@id":"https:\/\/equalisveterinaria-ne.com.br\/cursos\/#logo"}},{"@type":"WebSite","@id":"https:\/\/equalisveterinaria-ne.com.br\/cursos\/#website","url":"https:\/\/equalisveterinaria-ne.com.br\/cursos\/","name":"Equalis Nordeste - Cursos de P\u00f3s Gradua\u00e7\u00e3o em Medicina Veterin\u00e1ria","description":"Educa\u00e7\u00e3o em Medicina Veterin\u00e1ria","publisher":{"@id":"https:\/\/equalisveterinaria-ne.com.br\/cursos\/#organization"},"potentialAction":[{"@type":"SearchAction","target":{"@type":"EntryPoint","urlTemplate":"https:\/\/equalisveterinaria-ne.com.br\/cursos\/?s={search_term_string}"},"query-input":"required name=search_term_string"}],"inLanguage":"pt-BR"},{"@type":"WebPage","@id":"https:\/\/equalisveterinaria-ne.com.br\/cursos\/equipe\/#webpage","url":"https:\/\/equalisveterinaria-ne.com.br\/cursos\/equipe\/","name":"Equipe - Equalis Nordeste - Cursos de P\u00f3s Gradua\u00e7\u00e3o em Medicina Veterin\u00e1ria","isPartOf":{"@id":"https:\/\/equalisveterinaria-ne.com.br\/cursos\/#website"},"datePublished":"2021-05-08T08:35:08+00:00","dateModified":"2021-05-08T08:35:08+00:00","breadcrumb":{"@id":"https:\/\/equalisveterinaria-ne.com.br\/cursos\/equipe\/#breadcrumb"},"inLanguage":"pt-BR","potentialAction":[{"@type":"ReadAction","target":["https:\/\/equalisveterinaria-ne.com.br\/cursos\/equipe\/"]}]},{"@type":"BreadcrumbList","@id":"https:\/\/equalisveterinaria-ne.com.br\/cursos\/equipe\/#breadcrumb","itemListElement":[{"@type":"ListItem","position":1,"name":"Home","item":"https:\/\/equalisveterinaria-ne.com.br\/cursos\/"},{"@type":"ListItem","position":2,"name":"Equipe"}]}]}},"_links":{"self":[{"href":"https:\/\/equalisveterinaria-ne.com.br\/cursos\/wp-json\/wp\/v2\/pages\/700"}],"collection":[{"href":"https:\/\/equalisveterinaria-ne.com.br\/cursos\/wp-json\/wp\/v2\/pages"}],"about":[{"href":"https:\/\/equalisveterinaria-ne.com.br\/cursos\/wp-json\/wp\/v2\/types\/page"}],"author":[{"embeddable":true,"href":"https:\/\/equalisveterinaria-ne.com.br\/cursos\/wp-json\/wp\/v2\/users\/8"}],"replies":[{"embeddable":true,"href":"https:\/\/equalisveterinaria-ne.com.br\/cursos\/wp-json\/wp\/v2\/comments?post=700"}],"version-history":[{"count":0,"href":"https:\/\/equalisveterinaria-ne.com.br\/cursos\/wp-json\/wp\/v2\/pages\/700\/revisions"}],"wp:attachment":[{"href":"https:\/\/equalisveterinaria-ne.com.br\/cursos\/wp-json\/wp\/v2\/media?parent=700"}],"curies":[{"name":"wp","href":"https:\/\/api.w.org\/{rel}","templated":true}]}}